{"id":166,"date":"2025-08-21T10:26:12","date_gmt":"2025-08-21T08:26:12","guid":{"rendered":"https:\/\/solteq.us\/?page_id=166"},"modified":"2025-08-23T13:22:48","modified_gmt":"2025-08-23T11:22:48","slug":"denkmal-2","status":"publish","type":"page","link":"https:\/\/solteq.us\/es\/denkmal-2\/","title":{"rendered":"MEMORIAL"},"content":{"rendered":"<h3 class=\"wp-block-heading\"><strong>SERIE COLA DE CASTOR<\/strong>  - Historia e innovaci\u00f3n combinadas<\/h3>\n\n\n\n<div class=\"wp-block-media-text is-stacked-on-mobile\"><figure class=\"wp-block-media-text__media\"><a href=\"https:\/\/solteq.us\/es\/biber\/\" target=\"_blank\" rel=\" noreferrer noopener\"><img fetchpriority=\"high\" decoding=\"async\" width=\"222\" height=\"300\" src=\"https:\/\/solteq.us\/wp-content\/uploads\/2025\/08\/Mediterran-300x222_600dpi_ICON.jpg\" alt=\"\" class=\"wp-image-140 size-full\"\/><\/a><\/figure><div class=\"wp-block-media-text__content\">\n<p>En <strong>SolteQ teja plana teja solar<\/strong> combinan el aspecto cl\u00e1sico de la teja plana tradicional con la tecnolog\u00eda fotovoltaica m\u00e1s avanzada. Perfectamente adecuado para renovaciones en el <strong>Protecci\u00f3n de monumentos<\/strong>, sino tambi\u00e9n para los nuevos edificios que se centran en la est\u00e9tica y la sostenibilidad.<br><strong>Sin m\u00f3dulos solares visibles en un tejado hist\u00f3rico de gran belleza, sin romper el estilo: s\u00f3lo 100 % de energ\u00eda solar directamente desde el tejado.<\/strong><\/p>\n<\/div><\/div>\n\n\n\n<h3 class=\"wp-block-heading\"><strong>Cubierta alemana<\/strong><\/h3>\n\n\n\n<div class=\"wp-block-media-text is-stacked-on-mobile\"><figure class=\"wp-block-media-text__media\"><a href=\"https:\/\/solteq.us\/es\/solteq\/Datenbl%C3%A4tter\/SOLTEQ-Datenblatt-Deutsche_Deckung.pdf\/\"><img decoding=\"async\" width=\"222\" height=\"300\" src=\"https:\/\/solteq.us\/wp-content\/uploads\/2025\/08\/DeutschDeck-300x222_600dpi_ICON.jpg\" alt=\"\" class=\"wp-image-224 size-full\"\/><\/a><\/figure><div class=\"wp-block-media-text__content\">\n<p>La variante <strong>Cubierta alemana<\/strong> aporta al tejado el popular aspecto de pizarra, combinado con la producci\u00f3n sostenible de electricidad. El aspecto natural y la integraci\u00f3n de la funci\u00f3n solar hacen que el tejado siga siendo aut\u00e9ntico y potente al mismo tiempo.<br><strong>Ideal para:<\/strong> Cubiertas o revestimientos de fachada de pizarra.<br><strong>Caracter\u00edstica especial:<\/strong> Aspecto elegante, alto rendimiento energ\u00e9tico, resistente a la intemperie.<br><strong>Traslado: <\/strong>Cubierta alemana, con o sin contenedor<\/p>\n<\/div><\/div>\n\n\n\n<h3 class=\"wp-block-heading\"><strong>Funda angular puntiaguda francesa 40x40cm<\/strong><\/h3>\n\n\n\n<div class=\"wp-block-media-text is-stacked-on-mobile\"><figure class=\"wp-block-media-text__media\"><a href=\"https:\/\/solteq.us\/es\/solteq\/Datenbl%C3%A4tter\/SOLTEQ-Datenblatt-Denkmalobjekte_Q18_20.pdf\/\"><img decoding=\"async\" width=\"222\" height=\"300\" src=\"https:\/\/solteq.us\/wp-content\/uploads\/2025\/08\/Q18-300x222_600dpi_ICON.jpg\" alt=\"\" class=\"wp-image-226 size-full\"\/><\/a><\/figure><div class=\"wp-block-media-text__content\">\n<p>La variante <strong>Cubierta alemana<\/strong> aporta al tejado el popular aspecto de pizarra, combinado con la producci\u00f3n sostenible de electricidad. El aspecto natural y la integraci\u00f3n de la funci\u00f3n solar hacen que el tejado siga siendo aut\u00e9ntico y potente al mismo tiempo.<br><strong>Ideal para:<\/strong> Cubiertas o revestimientos de fachada de pizarra.<br><strong>Caracter\u00edstica especial:<\/strong> Aspecto elegante, alto rendimiento energ\u00e9tico, resistente a la intemperie.<br><strong>Traslado: <\/strong>Cubierta alemana, con o sin contenedor<\/p>\n<\/div><\/div>","protected":false},"excerpt":{"rendered":"<p>BIBERSCHWANZ-SERIE &#8211; Historisch &amp; Innovation vereint Die SolteQ Biberschwanz-Solarziegel vereinen die klassische Optik des traditionellen Biberschwanz-Dachziegels mit modernster Photovoltaik-Technik. Perfekt geeignet f\u00fcr Sanierungen im Denkmalschutz, aber auch f\u00fcr Neubauten, die auf \u00c4sthetik und Nachhaltigkeit setzen.Keine sichtbaren Solarmodule auf ein sch\u00f6nes, historisches Dach, kein Stilbruch \u2013 nur 100 % Solarstrom direkt vom Dach. Deutsche Deckung Die &hellip; <\/p>\n<p class=\"link-more\"><a href=\"https:\/\/solteq.us\/es\/denkmal-2\/\" class=\"more-link\">Continuar leyendo<span class=\"screen-reader-text\"> &#8222;DENKMAL&#8220;<\/span><\/a><\/p>","protected":false},"author":1,"featured_media":0,"parent":0,"menu_order":0,"comment_status":"closed","ping_status":"closed","template":"","meta":{"footnotes":""},"class_list":["post-166","page","type-page","status-publish","hentry"],"_links":{"self":[{"href":"https:\/\/solteq.us\/es\/wp-json\/wp\/v2\/pages\/166","targetHints":{"allow":["GET"]}}],"collection":[{"href":"https:\/\/solteq.us\/es\/wp-json\/wp\/v2\/pages"}],"about":[{"href":"https:\/\/solteq.us\/es\/wp-json\/wp\/v2\/types\/page"}],"author":[{"embeddable":true,"href":"https:\/\/solteq.us\/es\/wp-json\/wp\/v2\/users\/1"}],"replies":[{"embeddable":true,"href":"https:\/\/solteq.us\/es\/wp-json\/wp\/v2\/comments?post=166"}],"version-history":[{"count":10,"href":"https:\/\/solteq.us\/es\/wp-json\/wp\/v2\/pages\/166\/revisions"}],"predecessor-version":[{"id":290,"href":"https:\/\/solteq.us\/es\/wp-json\/wp\/v2\/pages\/166\/revisions\/290"}],"wp:attachment":[{"href":"https:\/\/solteq.us\/es\/wp-json\/wp\/v2\/media?parent=166"}],"curies":[{"name":"wp","href":"https:\/\/api.w.org\/{rel}","templated":true}]}}

<h3 class="wp-block-heading"><strong>SERIE COLA DE CASTOR</strong>  - Historia e innovación combinadas</h3>



<div class="wp-block-media-text is-stacked-on-mobile"><figure class="wp-block-media-text__media"><a href="https://solteq.us/es/biber/" target="_blank" rel=" noreferrer noopener"><img fetchpriority="high" decoding="async" width="222" height="300" src="https://solteq.us/wp-content/uploads/2025/08/Mediterran-300x222_600dpi_ICON.jpg" alt="" class="wp-image-140 size-full"/></a></figure><div class="wp-block-media-text__content">
<p>En <strong>SolteQ teja plana teja solar</strong> combinan el aspecto clásico de la teja plana tradicional con la tecnología fotovoltaica más avanzada. Perfectamente adecuado para renovaciones en el <strong>Protección de monumentos</strong>, sino también para los nuevos edificios que se centran en la estética y la sostenibilidad.<br><strong>Sin módulos solares visibles en un tejado histórico de gran belleza, sin romper el estilo: sólo 100 % de energía solar directamente desde el tejado.</strong></p>
</div></div>



<h3 class="wp-block-heading"><strong>Cubierta alemana</strong></h3>



<div class="wp-block-media-text is-stacked-on-mobile"><figure class="wp-block-media-text__media"><a href="https://solteq.us/es/solteq/Datenbl%C3%A4tter/SOLTEQ-Datenblatt-Deutsche_Deckung.pdf/"><img decoding="async" width="222" height="300" src="https://solteq.us/wp-content/uploads/2025/08/DeutschDeck-300x222_600dpi_ICON.jpg" alt="" class="wp-image-224 size-full"/></a></figure><div class="wp-block-media-text__content">
<p>La variante <strong>Cubierta alemana</strong> aporta al tejado el popular aspecto de pizarra, combinado con la producción sostenible de electricidad. El aspecto natural y la integración de la función solar hacen que el tejado siga siendo auténtico y potente al mismo tiempo.<br><strong>Ideal para:</strong> Cubiertas o revestimientos de fachada de pizarra.<br><strong>Característica especial:</strong> Aspecto elegante, alto rendimiento energético, resistente a la intemperie.<br><strong>Traslado: </strong>Cubierta alemana, con o sin contenedor</p>
</div></div>



<h3 class="wp-block-heading"><strong>Funda angular puntiaguda francesa 40x40cm</strong></h3>



<div class="wp-block-media-text is-stacked-on-mobile"><figure class="wp-block-media-text__media"><a href="https://solteq.us/es/solteq/Datenbl%C3%A4tter/SOLTEQ-Datenblatt-Denkmalobjekte_Q18_20.pdf/"><img decoding="async" width="222" height="300" src="https://solteq.us/wp-content/uploads/2025/08/Q18-300x222_600dpi_ICON.jpg" alt="" class="wp-image-226 size-full"/></a></figure><div class="wp-block-media-text__content">
<p>La variante <strong>Cubierta alemana</strong> aporta al tejado el popular aspecto de pizarra, combinado con la producción sostenible de electricidad. El aspecto natural y la integración de la función solar hacen que el tejado siga siendo auténtico y potente al mismo tiempo.<br><strong>Ideal para:</strong> Cubiertas o revestimientos de fachada de pizarra.<br><strong>Característica especial:</strong> Aspecto elegante, alto rendimiento energético, resistente a la intemperie.<br><strong>Traslado: </strong>Cubierta alemana, con o sin contenedor</p>
</div></div>

<p>BIBERSCHWANZ-SERIE &#8211; Historisch &amp; Innovation vereint Die SolteQ Biberschwanz-Solarziegel vereinen die klassische Optik des traditionellen Biberschwanz-Dachziegels mit modernster Photovoltaik-Technik. Perfekt geeignet für Sanierungen im Denkmalschutz, aber auch für Neubauten, die auf Ästhetik und Nachhaltigkeit setzen.Keine sichtbaren Solarmodule auf ein schönes, historisches Dach, kein Stilbruch – nur 100 % Solarstrom direkt vom Dach. Deutsche Deckung Die &hellip; </p>
<p class="link-more"><a href="https://solteq.us/es/denkmal-2/" class="more-link">Continuar leyendo<span class="screen-reader-text"> &#8222;DENKMAL&#8220;</span></a></p>
